{"id":201,"date":"2024-11-09T09:35:48","date_gmt":"2024-11-09T08:35:48","guid":{"rendered":"http:\/\/referent-handicap.org\/?page_id=201"},"modified":"2026-02-18T10:02:59","modified_gmt":"2026-02-18T09:02:59","slug":"politique-de-confidentialite","status":"publish","type":"page","link":"https:\/\/referent-handicap.org\/index.php\/politique-de-confidentialite\/","title":{"rendered":"Confidentialit\u00e9"},"content":{"rendered":"\n<h2 class=\"wp-block-heading\">Utilisation des donn\u00e9es personnelles collect\u00e9es<\/h2>\n\n\n\n<h3 class=\"wp-block-heading\">Commentaires<\/h3>\n\n\n\n<p>Quand vous laissez un commentaire sur notre site, les donn\u00e9es inscrites dans le formulaire de commentaire, mais aussi votre adresse IP et l\u2019agent utilisateur de votre navigateur sont collect\u00e9s pour nous aider \u00e0 la d\u00e9tection des commentaires ind\u00e9sirables.<\/p>\n\n\n\n<p>Une cha\u00eene anonymis\u00e9e cr\u00e9\u00e9e \u00e0 partir de votre adresse e-mail (\u00e9galement appel\u00e9e hash) peut \u00eatre envoy\u00e9e au service Gravatar pour v\u00e9rifier si vous utilisez ce dernier. Les clauses de confidentialit\u00e9 du service Gravatar sont disponibles ici&nbsp;: https:\/\/automattic.com\/privacy\/. Apr\u00e8s validation de votre commentaire, votre photo de profil sera visible publiquement \u00e0 cot\u00e9 de votre commentaire.<\/p>\n\n\n\n<h3 class=\"wp-block-heading\">M\u00e9dias<\/h3>\n\n\n\n<p>Si vous t\u00e9l\u00e9versez des images sur le site, nous vous conseillons d\u2019\u00e9viter de t\u00e9l\u00e9verser des images contenant des donn\u00e9es EXIF de coordonn\u00e9es GPS. Les personnes visitant votre site peuvent t\u00e9l\u00e9charger et extraire des donn\u00e9es de localisation depuis ces images.<\/p>\n\n\n\n<h3 class=\"wp-block-heading\">Formulaires de contact<\/h3>\n\n\n\n<h3 class=\"wp-block-heading\">Cookies<\/h3>\n\n\n\n<p>Si vous d\u00e9posez un commentaire sur notre site, il vous sera propos\u00e9 d\u2019enregistrer votre nom, adresse e-mail et site dans des cookies. C\u2019est uniquement pour votre confort afin de ne pas avoir \u00e0 saisir ces informations si vous d\u00e9posez un autre commentaire plus tard. Ces cookies expirent au bout d\u2019un an.<\/p>\n\n\n\n<p>Si vous vous rendez sur la page de connexion, un cookie temporaire sera cr\u00e9\u00e9 afin de d\u00e9terminer si votre navigateur accepte les cookies. Il ne contient pas de donn\u00e9es personnelles et sera supprim\u00e9 automatiquement \u00e0 la fermeture de votre navigateur.<\/p>\n\n\n\n<p>Lorsque vous vous connecterez, nous mettrons en place un certain nombre de cookies pour enregistrer vos informations de connexion et vos pr\u00e9f\u00e9rences d\u2019\u00e9cran. La dur\u00e9e de vie d\u2019un cookie de connexion est de deux jours, celle d\u2019un cookie d\u2019option d\u2019\u00e9cran est d\u2019un an. Si vous cochez \u00ab&nbsp;Se souvenir de moi&nbsp;\u00bb, votre cookie de connexion sera conserv\u00e9 pendant deux semaines. Si vous vous d\u00e9connectez de votre compte, le cookie de connexion sera effac\u00e9.<\/p>\n\n\n\n<p>En modifiant ou en publiant une publication, un cookie suppl\u00e9mentaire sera enregistr\u00e9 dans votre navigateur. Ce cookie ne comprend aucune donn\u00e9e personnelle. Il indique simplement l\u2019ID de la publication que vous venez de modifier. Il expire au bout d\u2019un jour.<\/p>\n\n\n\n<h3 class=\"wp-block-heading\">Contenu embarqu\u00e9 depuis d\u2019autres sites<\/h3>\n\n\n\n<p>Les articles de ce site peuvent inclure des contenus int\u00e9gr\u00e9s (par exemple des vid\u00e9os, images, articles\u2026). Le contenu int\u00e9gr\u00e9 depuis d\u2019autres sites se comporte de la m\u00eame mani\u00e8re que si le visiteur se rendait sur cet autre site.<\/p>\n\n\n\n<p>Ces sites web pourraient collecter des donn\u00e9es sur vous, utiliser des cookies, embarquer des outils de suivis tiers, suivre vos interactions avec ces contenus embarqu\u00e9s si vous disposez d\u2019un compte connect\u00e9 sur leur site web.<\/p>\n\n\n\n<h3 class=\"wp-block-heading\">Statistiques et mesures d\u2019audience<\/h3>\n\n\n\n<h2 class=\"wp-block-heading\">Utilisation et transmission de vos donn\u00e9es personnelles<\/h2>\n\n\n\n<p>Si vous demandez une r\u00e9initialisation de votre mot de passe, votre adresse IP sera incluse dans l\u2019e-mail de r\u00e9initialisation.<\/p>\n\n\n\n<h2 class=\"wp-block-heading\">Dur\u00e9es de stockage de vos donn\u00e9es<\/h2>\n\n\n\n<p>Si vous laissez un commentaire, le commentaire et ses m\u00e9tadonn\u00e9es sont conserv\u00e9s ind\u00e9finiment. Cela permet de reconna\u00eetre et approuver automatiquement les commentaires suivants au lieu de les laisser dans la file de mod\u00e9ration.<\/p>\n\n\n\n<p>Pour les comptes qui s\u2019inscrivent sur notre site (le cas \u00e9ch\u00e9ant), nous stockons \u00e9galement les donn\u00e9es personnelles indiqu\u00e9es dans leur profil. Tous les comptes peuvent voir, modifier ou supprimer leurs informations personnelles \u00e0 tout moment (\u00e0 l\u2019exception de leur identifiant). Les gestionnaires du site peuvent aussi voir et modifier ces informations.<\/p>\n\n\n\n<h2 class=\"wp-block-heading\">Les droits que vous avez sur vos donn\u00e9es<\/h2>\n\n\n\n<p>Si vous avez un compte ou si vous avez laiss\u00e9 des commentaires sur le site, vous pouvez demander \u00e0 recevoir un fichier contenant toutes les donn\u00e9es personnelles que nous poss\u00e9dons \u00e0 votre sujet, incluant celles que vous nous avez fournies. Vous pouvez \u00e9galement demander la suppression des donn\u00e9es personnelles vous concernant. Cela ne prend pas en compte les donn\u00e9es stock\u00e9es \u00e0 des fins administratives, l\u00e9gales ou pour des raisons de s\u00e9curit\u00e9.<\/p>\n\n\n\n<h2 class=\"wp-block-heading\">Transmission de vos donn\u00e9es personnelles<\/h2>\n\n\n\n<p>Les commentaires des visiteurs peuvent \u00eatre v\u00e9rifi\u00e9s \u00e0 l\u2019aide d\u2019un service automatis\u00e9 de d\u00e9tection des commentaires ind\u00e9sirables.<\/p>\n\n\n\n<h2 class=\"wp-block-heading has-normal-font-size\">L\u2019adresse de notre site est\u00a0: http:\/\/referent-handicap.org<\/h2>\n\n\n\n<p class=\"has-white-color has-text-color has-link-color has-small-font-size wp-elements-62050be101f5aa9e0ee54501d8da11e1\">Formation professionnelle Formation pour adultes Bilans de comp\u00e9tences Accompagnement VAE Validation des acquis de l\u2019exp\u00e9rience Certification PCIE Modules de formation personnalis\u00e9s Parcours de formation adapt\u00e9 PCIE Passeport de comp\u00e9tences informatique europ\u00e9en Certification informatique PCIE pour personnes handicap\u00e9es PCIE en ESAT Formation pour personnes handicap\u00e9es Formation en ESAT Accompagnement handicap ESAT et formation professionnelle Reconnaissance travailleur handicap\u00e9 Insertion professionnelle handicap Projet professionnel handicap Formation inclusive Accompagnement sp\u00e9cialis\u00e9 handicap Accompagnement personnalis\u00e9 Suivi individualis\u00e9 Coaching professionnel Projet d\u2019insertion Orientation professionnelle LSA La souris Apprivois\u00e9e ICDL Euro aptitudes&nbsp; Formation handicap Aura Lyon&nbsp; ESAT Rh\u00f4ne Alpes VAE handicap France Comment faire un bilan de comp\u00e9tences en ESAT Formation PCIE pour personnes en situation de handicap Obtenir une VAE quand on travaille en ESAT Accompagnement VAE pour travailleurs handicap\u00e9s Reconversion professionnelle en ESAT Savoirs de base orthophonie math\u00e9matiques num\u00e9ration calcul grammaire orthographe unifaf opco sant\u00e9 ctpea ASSYSTEM AUBAY LA BANQUE POSTALE&nbsp; BNP PARIBAS CAPGEMINI ENGINEERING ALTRAN CVF Accompagnement CAT &nbsp;Esat BASTILLE &nbsp;Les Ateliers de JEMMAPES RALLION &nbsp;&nbsp;Esat Maurice PILOD OHT PLAISANCE Esat REGAIN VAUGIRARD &nbsp;&nbsp;BUSQUET SANTEUIL &nbsp;&nbsp;Les Ateliers de la BIEVRE &nbsp;&nbsp;ESPACE AURORE&nbsp;COLIBRI BELLAN Esat PERE LACHAISE L\u2019ADAPT Hors Les Murs MOSKOWA BERTHIER MONTGALLET Esat LEVY Esat ECODAIR Le CARREFOUR ESAT Jean PIERRAT ESAT de CLAYES ESAT CARDON ESAT Les NEFLIERS ESAT Pierre BOULENGER ESAT Lucie NOUET ESAT COTRA Centre La GABRIELLE ESAT Toulouse LAUTREC &nbsp;La Grange aux Bois Les Ateliers de l\u2019AMBRESIS ESAT Les Marronniers ESAT ELISA ESAT Les FOUGERES ADAPEI ESAT L\u00e9on FONTAINE ESAT La COURBAISSE ESAT Jacques CHAVENT &nbsp;ALGED&nbsp;: ESAT La ROUE ESAT&nbsp; H\u00e9l\u00e8ne RIVET Robert LAFON &nbsp;&nbsp;ALR&nbsp; Ateliers de La Roche &nbsp;&nbsp;APATPH &nbsp;&nbsp;ARIMC ESAT Henri Castilla &nbsp;&nbsp;ESAT INDUSTRIE SERVICE &nbsp;&nbsp;L\u2019APAJH &nbsp;ESAT Hors les Murs &nbsp;&nbsp;L\u2019AVENIR &nbsp;&nbsp;LA CROIX ROUGE &nbsp;&nbsp;ESAT MESSIDOR &nbsp;&nbsp;TRISOMIE 21 ESAT Hors les Murs ESAT SAINT LEONARD ESAT LE MOULIN A VENT AGIVR VIVIERS &nbsp;ESAT Jean MEDECIN &nbsp;&nbsp;ESAT LES MAURETTES &nbsp;&nbsp;ESAT DE ALBERTI &nbsp;&nbsp;ESAT La Bastide &nbsp;&nbsp;ESAT Leo MAZON &nbsp;&nbsp;ESAT Les EPIS &nbsp;&nbsp;ESAT Les Pr\u00e8s &nbsp;&nbsp;ESAT St JEAN &nbsp;&nbsp;ESAT Le ROUET &nbsp;&nbsp;La Parade &nbsp;&nbsp;Les Argonautes &nbsp;&nbsp;ESAT Les Pins &nbsp;ESAT des ETANGS &nbsp;&nbsp;Les LIERRES &nbsp;&nbsp;AVATH &nbsp;&nbsp;LES PALMIERS &nbsp;&nbsp;LES ROMARINS &nbsp;&nbsp;PAUL ARENE &nbsp;&nbsp;LES CIGALES &nbsp;&nbsp;Le MOULIN DE L&rsquo;AURO &nbsp;&nbsp;L&rsquo;OLIVER AIR France &nbsp;&nbsp;AKKA &nbsp;&nbsp;ALSTOM &nbsp;&nbsp;ALTRAN &nbsp;&nbsp;AMADEUS &nbsp;&nbsp;APICIL &nbsp;&nbsp;AREVA &nbsp;&nbsp;ASSYSTEM &nbsp;&nbsp;ATOS &nbsp;&nbsp;BIOMERIEUX &nbsp;&nbsp;BNP Paribas &nbsp;&nbsp;BRAKE France &nbsp;&nbsp;BRINKS &nbsp;&nbsp;BUT &nbsp;&nbsp;CAISSE D\u2019EPARGNE &nbsp;&nbsp;CAPGEMINI &nbsp;&nbsp;CASINO &nbsp;&nbsp;CEGID &nbsp;&nbsp;CNR &nbsp;&nbsp;CREDIT AGRICOLE &nbsp;&nbsp;DASSAULT SYSTEM<strong> &nbsp;&nbsp;<\/strong>EDF &nbsp;&nbsp;ERNST &amp;YOUNG<strong> &nbsp;&nbsp;<\/strong>GRT GAZ &nbsp;&nbsp;HP &nbsp;&nbsp;IFPEN &nbsp;&nbsp;Laboratoire CERBA &nbsp;&nbsp;LAGARDERE &nbsp;&nbsp;MACIF &nbsp;&nbsp;MANPOWER &nbsp;&nbsp;NATIXIS &nbsp;&nbsp;PHONE REGIE &nbsp;&nbsp;SOCIETE GENERALE &nbsp;&nbsp;SNCF &nbsp;&nbsp;THALES &nbsp;&nbsp;TNT<\/p>\n","protected":false},"excerpt":{"rendered":"<div class=\"slide-text-bg2\"><span>Utilisation des donn\u00e9es personnelles collect\u00e9es Commentaires Quand vous laissez un commentaire sur notre site, les donn\u00e9es inscrites dans le formulaire <\/span><\/div>\n<div class=\"slide-btn-area-sm\"><a href=\"https:\/\/referent-handicap.org\/index.php\/politique-de-confidentialite\/\" class=\"slide-btn-sm\">Lire la suite<\/a><\/div>\n","protected":false},"author":1,"featured_media":0,"parent":0,"menu_order":0,"comment_status":"closed","ping_status":"closed","template":"","meta":{"footnotes":""},"class_list":["post-201","page","type-page","status-publish","hentry"],"_links":{"self":[{"href":"https:\/\/referent-handicap.org\/index.php\/wp-json\/wp\/v2\/pages\/201","targetHints":{"allow":["GET"]}}],"collection":[{"href":"https:\/\/referent-handicap.org\/index.php\/wp-json\/wp\/v2\/pages"}],"about":[{"href":"https:\/\/referent-handicap.org\/index.php\/wp-json\/wp\/v2\/types\/page"}],"author":[{"embeddable":true,"href":"https:\/\/referent-handicap.org\/index.php\/wp-json\/wp\/v2\/users\/1"}],"replies":[{"embeddable":true,"href":"https:\/\/referent-handicap.org\/index.php\/wp-json\/wp\/v2\/comments?post=201"}],"version-history":[{"count":9,"href":"https:\/\/referent-handicap.org\/index.php\/wp-json\/wp\/v2\/pages\/201\/revisions"}],"predecessor-version":[{"id":814,"href":"https:\/\/referent-handicap.org\/index.php\/wp-json\/wp\/v2\/pages\/201\/revisions\/814"}],"wp:attachment":[{"href":"https:\/\/referent-handicap.org\/index.php\/wp-json\/wp\/v2\/media?parent=201"}],"curies":[{"name":"wp","href":"https:\/\/api.w.org\/{rel}","templated":true}]}}

Confidentialité

<h2 class="wp-block-heading">Utilisation des données personnelles collectées</h2>



<h3 class="wp-block-heading">Commentaires</h3>



<p>Quand vous laissez un commentaire sur notre site, les données inscrites dans le formulaire de commentaire, mais aussi votre adresse IP et l’agent utilisateur de votre navigateur sont collectés pour nous aider à la détection des commentaires indésirables.</p>



<p>Une chaîne anonymisée créée à partir de votre adresse e-mail (également appelée hash) peut être envoyée au service Gravatar pour vérifier si vous utilisez ce dernier. Les clauses de confidentialité du service Gravatar sont disponibles ici&nbsp;: https://automattic.com/privacy/. Après validation de votre commentaire, votre photo de profil sera visible publiquement à coté de votre commentaire.</p>



<h3 class="wp-block-heading">Médias</h3>



<p>Si vous téléversez des images sur le site, nous vous conseillons d’éviter de téléverser des images contenant des données EXIF de coordonnées GPS. Les personnes visitant votre site peuvent télécharger et extraire des données de localisation depuis ces images.</p>



<h3 class="wp-block-heading">Formulaires de contact</h3>



<h3 class="wp-block-heading">Cookies</h3>



<p>Si vous déposez un commentaire sur notre site, il vous sera proposé d’enregistrer votre nom, adresse e-mail et site dans des cookies. C’est uniquement pour votre confort afin de ne pas avoir à saisir ces informations si vous déposez un autre commentaire plus tard. Ces cookies expirent au bout d’un an.</p>



<p>Si vous vous rendez sur la page de connexion, un cookie temporaire sera créé afin de déterminer si votre navigateur accepte les cookies. Il ne contient pas de données personnelles et sera supprimé automatiquement à la fermeture de votre navigateur.</p>



<p>Lorsque vous vous connecterez, nous mettrons en place un certain nombre de cookies pour enregistrer vos informations de connexion et vos préférences d’écran. La durée de vie d’un cookie de connexion est de deux jours, celle d’un cookie d’option d’écran est d’un an. Si vous cochez «&nbsp;Se souvenir de moi&nbsp;», votre cookie de connexion sera conservé pendant deux semaines. Si vous vous déconnectez de votre compte, le cookie de connexion sera effacé.</p>



<p>En modifiant ou en publiant une publication, un cookie supplémentaire sera enregistré dans votre navigateur. Ce cookie ne comprend aucune donnée personnelle. Il indique simplement l’ID de la publication que vous venez de modifier. Il expire au bout d’un jour.</p>



<h3 class="wp-block-heading">Contenu embarqué depuis d’autres sites</h3>



<p>Les articles de ce site peuvent inclure des contenus intégrés (par exemple des vidéos, images, articles…). Le contenu intégré depuis d’autres sites se comporte de la même manière que si le visiteur se rendait sur cet autre site.</p>



<p>Ces sites web pourraient collecter des données sur vous, utiliser des cookies, embarquer des outils de suivis tiers, suivre vos interactions avec ces contenus embarqués si vous disposez d’un compte connecté sur leur site web.</p>



<h3 class="wp-block-heading">Statistiques et mesures d’audience</h3>



<h2 class="wp-block-heading">Utilisation et transmission de vos données personnelles</h2>



<p>Si vous demandez une réinitialisation de votre mot de passe, votre adresse IP sera incluse dans l’e-mail de réinitialisation.</p>



<h2 class="wp-block-heading">Durées de stockage de vos données</h2>



<p>Si vous laissez un commentaire, le commentaire et ses métadonnées sont conservés indéfiniment. Cela permet de reconnaître et approuver automatiquement les commentaires suivants au lieu de les laisser dans la file de modération.</p>



<p>Pour les comptes qui s’inscrivent sur notre site (le cas échéant), nous stockons également les données personnelles indiquées dans leur profil. Tous les comptes peuvent voir, modifier ou supprimer leurs informations personnelles à tout moment (à l’exception de leur identifiant). Les gestionnaires du site peuvent aussi voir et modifier ces informations.</p>



<h2 class="wp-block-heading">Les droits que vous avez sur vos données</h2>



<p>Si vous avez un compte ou si vous avez laissé des commentaires sur le site, vous pouvez demander à recevoir un fichier contenant toutes les données personnelles que nous possédons à votre sujet, incluant celles que vous nous avez fournies. Vous pouvez également demander la suppression des données personnelles vous concernant. Cela ne prend pas en compte les données stockées à des fins administratives, légales ou pour des raisons de sécurité.</p>



<h2 class="wp-block-heading">Transmission de vos données personnelles</h2>



<p>Les commentaires des visiteurs peuvent être vérifiés à l’aide d’un service automatisé de détection des commentaires indésirables.</p>



<h2 class="wp-block-heading has-normal-font-size">L’adresse de notre site est : http://referent-handicap.org</h2>



<p class="has-white-color has-text-color has-link-color has-small-font-size wp-elements-62050be101f5aa9e0ee54501d8da11e1">Formation professionnelle Formation pour adultes Bilans de compétences Accompagnement VAE Validation des acquis de l’expérience Certification PCIE Modules de formation personnalisés Parcours de formation adapté PCIE Passeport de compétences informatique européen Certification informatique PCIE pour personnes handicapées PCIE en ESAT Formation pour personnes handicapées Formation en ESAT Accompagnement handicap ESAT et formation professionnelle Reconnaissance travailleur handicapé Insertion professionnelle handicap Projet professionnel handicap Formation inclusive Accompagnement spécialisé handicap Accompagnement personnalisé Suivi individualisé Coaching professionnel Projet d’insertion Orientation professionnelle LSA La souris Apprivoisée ICDL Euro aptitudes&nbsp; Formation handicap Aura Lyon&nbsp; ESAT Rhône Alpes VAE handicap France Comment faire un bilan de compétences en ESAT Formation PCIE pour personnes en situation de handicap Obtenir une VAE quand on travaille en ESAT Accompagnement VAE pour travailleurs handicapés Reconversion professionnelle en ESAT Savoirs de base orthophonie mathématiques numération calcul grammaire orthographe unifaf opco santé ctpea ASSYSTEM AUBAY LA BANQUE POSTALE&nbsp; BNP PARIBAS CAPGEMINI ENGINEERING ALTRAN CVF Accompagnement CAT &nbsp;Esat BASTILLE &nbsp;Les Ateliers de JEMMAPES RALLION &nbsp;&nbsp;Esat Maurice PILOD OHT PLAISANCE Esat REGAIN VAUGIRARD &nbsp;&nbsp;BUSQUET SANTEUIL &nbsp;&nbsp;Les Ateliers de la BIEVRE &nbsp;&nbsp;ESPACE AURORE&nbsp;COLIBRI BELLAN Esat PERE LACHAISE L’ADAPT Hors Les Murs MOSKOWA BERTHIER MONTGALLET Esat LEVY Esat ECODAIR Le CARREFOUR ESAT Jean PIERRAT ESAT de CLAYES ESAT CARDON ESAT Les NEFLIERS ESAT Pierre BOULENGER ESAT Lucie NOUET ESAT COTRA Centre La GABRIELLE ESAT Toulouse LAUTREC &nbsp;La Grange aux Bois Les Ateliers de l’AMBRESIS ESAT Les Marronniers ESAT ELISA ESAT Les FOUGERES ADAPEI ESAT Léon FONTAINE ESAT La COURBAISSE ESAT Jacques CHAVENT &nbsp;ALGED&nbsp;: ESAT La ROUE ESAT&nbsp; Hélène RIVET Robert LAFON &nbsp;&nbsp;ALR&nbsp; Ateliers de La Roche &nbsp;&nbsp;APATPH &nbsp;&nbsp;ARIMC ESAT Henri Castilla &nbsp;&nbsp;ESAT INDUSTRIE SERVICE &nbsp;&nbsp;L’APAJH &nbsp;ESAT Hors les Murs &nbsp;&nbsp;L’AVENIR &nbsp;&nbsp;LA CROIX ROUGE &nbsp;&nbsp;ESAT MESSIDOR &nbsp;&nbsp;TRISOMIE 21 ESAT Hors les Murs ESAT SAINT LEONARD ESAT LE MOULIN A VENT AGIVR VIVIERS &nbsp;ESAT Jean MEDECIN &nbsp;&nbsp;ESAT LES MAURETTES &nbsp;&nbsp;ESAT DE ALBERTI &nbsp;&nbsp;ESAT La Bastide &nbsp;&nbsp;ESAT Leo MAZON &nbsp;&nbsp;ESAT Les EPIS &nbsp;&nbsp;ESAT Les Près &nbsp;&nbsp;ESAT St JEAN &nbsp;&nbsp;ESAT Le ROUET &nbsp;&nbsp;La Parade &nbsp;&nbsp;Les Argonautes &nbsp;&nbsp;ESAT Les Pins &nbsp;ESAT des ETANGS &nbsp;&nbsp;Les LIERRES &nbsp;&nbsp;AVATH &nbsp;&nbsp;LES PALMIERS &nbsp;&nbsp;LES ROMARINS &nbsp;&nbsp;PAUL ARENE &nbsp;&nbsp;LES CIGALES &nbsp;&nbsp;Le MOULIN DE L&rsquo;AURO &nbsp;&nbsp;L&rsquo;OLIVER AIR France &nbsp;&nbsp;AKKA &nbsp;&nbsp;ALSTOM &nbsp;&nbsp;ALTRAN &nbsp;&nbsp;AMADEUS &nbsp;&nbsp;APICIL &nbsp;&nbsp;AREVA &nbsp;&nbsp;ASSYSTEM &nbsp;&nbsp;ATOS &nbsp;&nbsp;BIOMERIEUX &nbsp;&nbsp;BNP Paribas &nbsp;&nbsp;BRAKE France &nbsp;&nbsp;BRINKS &nbsp;&nbsp;BUT &nbsp;&nbsp;CAISSE D’EPARGNE &nbsp;&nbsp;CAPGEMINI &nbsp;&nbsp;CASINO &nbsp;&nbsp;CEGID &nbsp;&nbsp;CNR &nbsp;&nbsp;CREDIT AGRICOLE &nbsp;&nbsp;DASSAULT SYSTEM<strong> &nbsp;&nbsp;</strong>EDF &nbsp;&nbsp;ERNST &amp;YOUNG<strong> &nbsp;&nbsp;</strong>GRT GAZ &nbsp;&nbsp;HP &nbsp;&nbsp;IFPEN &nbsp;&nbsp;Laboratoire CERBA &nbsp;&nbsp;LAGARDERE &nbsp;&nbsp;MACIF &nbsp;&nbsp;MANPOWER &nbsp;&nbsp;NATIXIS &nbsp;&nbsp;PHONE REGIE &nbsp;&nbsp;SOCIETE GENERALE &nbsp;&nbsp;SNCF &nbsp;&nbsp;THALES &nbsp;&nbsp;TNT</p>

<div class="slide-text-bg2"><span>Utilisation des données personnelles collectées Commentaires Quand vous laissez un commentaire sur notre site, les données inscrites dans le formulaire </span></div>
<div class="slide-btn-area-sm"><a href="https://referent-handicap.org/index.php/politique-de-confidentialite/" class="slide-btn-sm">Lire la suite</a></div>
