{"id":166,"date":"2021-02-10T17:13:01","date_gmt":"2021-02-10T16:13:01","guid":{"rendered":"http:\/\/referent-handicap.org\/?page_id=166"},"modified":"2025-04-28T14:23:33","modified_gmt":"2025-04-28T12:23:33","slug":"contexte","status":"publish","type":"page","link":"https:\/\/referent-handicap.org\/index.php\/contexte\/","title":{"rendered":"Contexte"},"content":{"rendered":"\n<h1 class=\"wp-block-heading has-luminous-vivid-orange-color has-text-color has-link-color wp-elements-e8263000573c128072c84a2015501a1d\"><strong>R\u00e9f\u00e9rent handicap, que dit la loi&#8230;<\/strong><\/h1>\n\n\n\n<figure class=\"wp-block-image size-large\"><img loading=\"lazy\" decoding=\"async\" width=\"404\" height=\"283\" src=\"http:\/\/referent-handicap.org\/wp-content\/uploads\/2021\/03\/image-bdef-site-1.jpg\" alt=\"\" class=\"wp-image-347\" srcset=\"https:\/\/referent-handicap.org\/wp-content\/uploads\/2021\/03\/image-bdef-site-1.jpg 404w, https:\/\/referent-handicap.org\/wp-content\/uploads\/2021\/03\/image-bdef-site-1-300x210.jpg 300w\" sizes=\"auto, (max-width: 404px) 100vw, 404px\" \/><\/figure>\n\n\n\n<p class=\"has-small-font-size\"><\/p>\n\n\n\n<p class=\"has-medium-font-size\"><em>La&nbsp;loi&nbsp;pour la libert\u00e9 de choisir son avenir professionnel pr\u00e9voit la d\u00e9signation d&rsquo;un&nbsp;r\u00e9f\u00e9rent handicap&nbsp;au sein de toute entreprise employant au moins 250 salari\u00e9s, qui est \u00ab charg\u00e9 d&rsquo;orienter, d&rsquo;informer et d&rsquo;accompagner les personnes en situation de&nbsp;handicap&nbsp;\u00bb <a href=\"https:\/\/www.legifrance.gouv.fr\/codes\/article_lc\/LEGIARTI000037378482\/2018-09-07\" target=\"_blank\" rel=\"noreferrer noopener\">(article L5213-6-1 du Code du travail)<\/a><\/em><br><br><em>La loi du 5 septembre 2018 \u00ab&nbsp;Pour la libert\u00e9 de choisir son avenir professionnel&nbsp;\u00bb, r\u00e9forme l\u2019obligation d\u2019emploi des travailleurs handicap\u00e9s (OETH), entr\u00e9e en vigueur au 1er&nbsp;janvier 2020, Les employeurs peuvent s\u2019acquitter de cette obligation en favorisant le travail des personnes handicap\u00e9es dans des \u00e9tablissements du secteur prot\u00e9g\u00e9, dont font partie les Etablissements et Services d\u2019Aide par le Travail (ESAT), par le Partenariat.<\/em><\/p>\n\n\n\n<p class=\"has-small-font-size\"><\/p>\n\n\n\n<p><\/p>\n\n\n\n<p class=\"has-luminous-vivid-orange-color has-text-color has-link-color has-large-font-size wp-elements-f7c2d51397e2bb3251649ca340eb117b\"><strong>D\u00e9veloppez votre politique handicap&#8230;<\/strong><\/p>\n\n\n\n<p class=\"has-medium-font-size\"><em><em>Rendez votre \u00e9tablissement Handi-Accueillant<\/em><\/em><br><em>une d\u00e9marche qui s&rsquo;inscrit dans la RSE (Responsabilit\u00e9 Soci\u00e9tale des Entreprises)<\/em><br><br><\/p>\n\n\n\n<h1 class=\"wp-block-heading has-luminous-vivid-orange-color has-text-color has-link-color wp-elements-0f6f5d99eee5ae0bae5ce928254a7aa7\"><strong>Les r\u00f4les du <strong>r\u00e9f\u00e9rent handicap<\/strong>&#8230;<\/strong><\/h1>\n\n\n\n<p class=\"has-medium-font-size\"><strong>Accompagner<\/strong> <br>\u2022&nbsp; <em>Prendre en compte la personne tout au long du process d&rsquo;inclusion ou de maintien en emploi<\/em><br><strong>Etre ressource<\/strong> <strong>handicap<\/strong><br>\u2022&nbsp; <em>Aupr\u00e8s des \u00e9quipes dans la mise en \u0153uvre de la d\u00e9marche<\/em> <em>Handi-Accueillante<\/em><br><strong>Animer et piloter <\/strong><br>\u2022&nbsp; <em>La politique handicap mise en place<\/em><br><strong>Coordonner<\/strong><br>\u2022&nbsp; <em>R\u00f4le d&rsquo;interface entre les diff\u00e9rents acteurs internes et externes<\/em><br><em>Mettre en place les moyens pour favoriser l\u2019inclusion et de maintien dans l&#8217;emploi de la personne<\/em><br><strong>Anticiper<\/strong><em><br>\u2022&nbsp;Avec les acteurs sp\u00e9cialis\u00e9s<\/em><br><strong>Transf\u00e9rer<\/strong><br>\u2022&nbsp;<em>Ses comp\u00e9tences sur le handicap <\/em><br><strong>Capitaliser<\/strong><br>\u2022&nbsp; <em>Les exp\u00e9riences et poursuivre le d\u00e9veloppement des comp\u00e9tences<\/em><\/p>\n","protected":false},"excerpt":{"rendered":"<div class=\"slide-text-bg2\"><span>R\u00e9f\u00e9rent handicap, que dit la loi&#8230; La&nbsp;loi&nbsp;pour la libert\u00e9 de choisir son avenir professionnel pr\u00e9voit la d\u00e9signation d&rsquo;un&nbsp;r<\/span><\/div>\n<div class=\"slide-btn-area-sm\"><a href=\"https:\/\/referent-handicap.org\/index.php\/contexte\/\" class=\"slide-btn-sm\">Lire la suite<\/a><\/div>\n","protected":false},"author":1,"featured_media":160,"parent":0,"menu_order":0,"comment_status":"closed","ping_status":"closed","template":"","meta":{"footnotes":""},"class_list":["post-166","page","type-page","status-publish","has-post-thumbnail","hentry"],"_links":{"self":[{"href":"https:\/\/referent-handicap.org\/index.php\/wp-json\/wp\/v2\/pages\/166","targetHints":{"allow":["GET"]}}],"collection":[{"href":"https:\/\/referent-handicap.org\/index.php\/wp-json\/wp\/v2\/pages"}],"about":[{"href":"https:\/\/referent-handicap.org\/index.php\/wp-json\/wp\/v2\/types\/page"}],"author":[{"embeddable":true,"href":"https:\/\/referent-handicap.org\/index.php\/wp-json\/wp\/v2\/users\/1"}],"replies":[{"embeddable":true,"href":"https:\/\/referent-handicap.org\/index.php\/wp-json\/wp\/v2\/comments?post=166"}],"version-history":[{"count":66,"href":"https:\/\/referent-handicap.org\/index.php\/wp-json\/wp\/v2\/pages\/166\/revisions"}],"predecessor-version":[{"id":845,"href":"https:\/\/referent-handicap.org\/index.php\/wp-json\/wp\/v2\/pages\/166\/revisions\/845"}],"wp:featuredmedia":[{"embeddable":true,"href":"https:\/\/referent-handicap.org\/index.php\/wp-json\/wp\/v2\/media\/160"}],"wp:attachment":[{"href":"https:\/\/referent-handicap.org\/index.php\/wp-json\/wp\/v2\/media?parent=166"}],"curies":[{"name":"wp","href":"https:\/\/api.w.org\/{rel}","templated":true}]}}

<h1 class="wp-block-heading has-luminous-vivid-orange-color has-text-color has-link-color wp-elements-e8263000573c128072c84a2015501a1d"><strong>Référent handicap, que dit la loi&#8230;</strong></h1>



<figure class="wp-block-image size-large"><img loading="lazy" decoding="async" width="404" height="283" src="http://referent-handicap.org/wp-content/uploads/2021/03/image-bdef-site-1.jpg" alt="" class="wp-image-347" srcset="https://referent-handicap.org/wp-content/uploads/2021/03/image-bdef-site-1.jpg 404w, https://referent-handicap.org/wp-content/uploads/2021/03/image-bdef-site-1-300x210.jpg 300w" sizes="auto, (max-width: 404px) 100vw, 404px" /></figure>



<p class="has-small-font-size"></p>



<p class="has-medium-font-size"><em>La&nbsp;loi&nbsp;pour la liberté de choisir son avenir professionnel prévoit la désignation d&rsquo;un&nbsp;référent handicap&nbsp;au sein de toute entreprise employant au moins 250 salariés, qui est « chargé d&rsquo;orienter, d&rsquo;informer et d&rsquo;accompagner les personnes en situation de&nbsp;handicap&nbsp;» <a href="https://www.legifrance.gouv.fr/codes/article_lc/LEGIARTI000037378482/2018-09-07" target="_blank" rel="noreferrer noopener">(article L5213-6-1 du Code du travail)</a></em><br><br><em>La loi du 5 septembre 2018 «&nbsp;Pour la liberté de choisir son avenir professionnel&nbsp;», réforme l’obligation d’emploi des travailleurs handicapés (OETH), entrée en vigueur au 1er&nbsp;janvier 2020, Les employeurs peuvent s’acquitter de cette obligation en favorisant le travail des personnes handicapées dans des établissements du secteur protégé, dont font partie les Etablissements et Services d’Aide par le Travail (ESAT), par le Partenariat.</em></p>



<p class="has-small-font-size"></p>



<p></p>



<p class="has-luminous-vivid-orange-color has-text-color has-link-color has-large-font-size wp-elements-f7c2d51397e2bb3251649ca340eb117b"><strong>Développez votre politique handicap&#8230;</strong></p>



<p class="has-medium-font-size"><em><em>Rendez votre établissement Handi-Accueillant</em></em><br><em>une démarche qui s&rsquo;inscrit dans la RSE (Responsabilité Sociétale des Entreprises)</em><br><br></p>



<h1 class="wp-block-heading has-luminous-vivid-orange-color has-text-color has-link-color wp-elements-0f6f5d99eee5ae0bae5ce928254a7aa7"><strong>Les rôles du <strong>référent handicap</strong>&#8230;</strong></h1>



<p class="has-medium-font-size"><strong>Accompagner</strong> <br>•&nbsp; <em>Prendre en compte la personne tout au long du process d&rsquo;inclusion ou de maintien en emploi</em><br><strong>Etre ressource</strong> <strong>handicap</strong><br>•&nbsp; <em>Auprès des équipes dans la mise en œuvre de la démarche</em> <em>Handi-Accueillante</em><br><strong>Animer et piloter </strong><br>•&nbsp; <em>La politique handicap mise en place</em><br><strong>Coordonner</strong><br>•&nbsp; <em>Rôle d&rsquo;interface entre les différents acteurs internes et externes</em><br><em>Mettre en place les moyens pour favoriser l’inclusion et de maintien dans l&#8217;emploi de la personne</em><br><strong>Anticiper</strong><em><br>•&nbsp;Avec les acteurs spécialisés</em><br><strong>Transférer</strong><br>•&nbsp;<em>Ses compétences sur le handicap </em><br><strong>Capitaliser</strong><br>•&nbsp; <em>Les expériences et poursuivre le développement des compétences</em></p>

<div class="slide-text-bg2"><span>Référent handicap, que dit la loi&#8230; La&nbsp;loi&nbsp;pour la liberté de choisir son avenir professionnel prévoit la désignation d&rsquo;un&nbsp;r</span></div>
<div class="slide-btn-area-sm"><a href="https://referent-handicap.org/index.php/contexte/" class="slide-btn-sm">Lire la suite</a></div>
